 19?
-925053
In base 7, what is -5060 + -2424?
-10514
In base 9, what is 346166 - -351?
346527
In base 11, what is 2538 - a530?
-7aa3
In base 4, what is -2022123 - 21203113?
-23231302
In base 5, what is -100 - -403121314?
403121214
In base 6, what is -324313 - 5503?
-334220
In base 11, what is 281a88 - -342?
28231a
In base 10, what is -3 - -47697617?
47697614
In base 13, what is 11cc7c - -33?
11ccb2
In base 10, what is 2448 + 625625?
628073
In base 14, what is 276 - -21d8a?
22222
In base 8, what is -1 + -121525705?
-121525706
In base 4, what is -123311 - -21010110?
20220133
In base 9, what is -243358846 - 4?
-243358851
In base 12, what is -2 + 5146518?
5146516
In base 16, what is -22 + 55ae?
558c
In base 15, what is -c6181 + -11?
-c6192
In base 5, what is -23341203213 + -3?
-23341203221
In base 7, what is 23 + -142332120?
-142332064
In base 15, what is 1668ae04 - -3?
1668ae07
In base 4, what is 120303 - 2213030?
-2032121
In base 13, what is 2c + -870098?
-870069
In base 11, what is -15403 - -284?
-1512a
In base 16, what is d7 + -14ce?
-13f7
In base 15, what is -132 - d1c7b?
-d1dad
In base 10, what is -34910 + 266?
-34644
In base 4, what is -201202 + 103132111?
102330303
In base 4, what is -3 - -1031201021?
1031201012
In base 15, what is -85e6c - -1ea?
-85c72
In base 6, what is -13 + 214320035?
214320022
In base 6, what is 3443225 - -44?
3443313
In base 4, what is -20312 - -20021?
-231
In base 13, what is 1799c + c9?
17a98
In base 14, what is -b + 344db1b?
344db10
In base 8, what is -1525434 + 4141?
-1521273
In base 5, what is 402402 + 23420?
431322
In base 8, what is 60637 + 251?
61110
In base 13, what is -41aa59c9 - 2?
-41aa59cb
In base 7, what is 0 - -11024151?
11024151
In base 12, what is -131810 + 3?
-131809
In base 15, what is -3 - -db2b3?
db2b0
In base 8, what is -3 - 404405023?
-404405026
In base 2, what is -1101001000 + 1001110111?
-11010001
In base 15, what is 2 + -4132d0?
-4132cd
In base 4, what is -111131121020020 - -3?
-111131121020011
In base 15, what is -24d + -81b03?
-81d51
In base 9, what is 18106 + 856?
20063
In base 3, what is 2202 + 110201011210121?
110201011220100
In base 6, what is 1 + 23202524035?
23202524040
In base 11, what is -12 + 21038?
21026
In base 7, what is -30 + -510131305?
-510131335
In base 8, what is -16263156 + 136?
-16263020
In base 8, what is 20217665 + 5?
20217672
In base 12, what is 6118305 - 3?
6118302
In base 9, what is -151 + -236043?
-236204
In base 13, what is -128180c + 8c?
-1281750
In base 3, what is 210210122200 + 111?
210210200011
In base 14, what is 22701b + -6?
227015
In base 15, what is 4 - 629e7?
-629e3
In base 5, what is 22322243 - -10?
22322303
In base 8, what is -121166673 - 1?
-121166674
In base 16, what is -1887 - -236c9?
21e42
In base 15, what is -b118 + -151?
-b269
In base 13, what is 8c5 + 14b92?
15787
In base 8, what is -227 - 135323?
-135552
In base 15, what is 2610 - b12?
19ed
In base 9, what is -1502 - 375?
-1877
In base 8, what is 505077 + 3752?
511051
In base 2, what is 10010100001100 + -1010010010011101?
-111111110010001
In base 8, what is -4721616 + 130?
-4721466
In base 14, what is -729a7a4 + -1?
-729a7a5
In base 10, what is -33 + -4416168?
-4416201
In base 16, what is 5992 + 1cc?
5b5e
In base 14, what is -89355 + -9?
-89360
In base 9, what is -1126 + -30214?
-31341
In base 5, what is 10323440 + 10201?
10334141
In base 6, what is 1305 - 114143032?
-114141323
In base 12, what is 4 + -5b47771?
-5b47769
In base 15, what is 21 + -511be?
-5119d
In base 9, what is 511 + 1253058?
1253570
In base 13, what is -31 - -41207?
411a6
In base 5, what is 112124100223 + -3?
112124100220
In base 14, what is 13 - -302236?
302249
In base 12, what is 1a235bb5 - -11?
1a236006
In base 5, what is 11 - 1114024042?
-1114024031
In base 15, what is -26c1238 + 3?
-26c1235
In base 14, what is -25c6c12 - 1?
-25c6c13
In base 13, what is -8257 + -bb2?
-9139
In base 6, what is 5254 + -143210?
-133512
In base 16, what is -8 + 4b471f?
4b4717
In base 14, what is 1286b8 + 161?
128839
In base 16, what is -a99 - bab?
-1644
In base 16, what is 1b1921 - -145?
1b1a66
In base 11, what is 116 + 204636?
204751
In base 15, what is -70 + 157880?
157810
In base 9, what is -5540 + -1476?
-7126
In base 13, what is -7126470 + -2?
-7126472
In base 5, what is 3302 - -1341434?
1400241
In base 2, what is -10101011101010001011011101101 + 1?
-10101011101010001011011101100
In base 3, what is 100 + -102222202110022?
-102222202102222
In base 12, what is -a008a64 - 5?
-a008a69
In base 7, what is 5 - 1312330403?
-1312330365
In base 10, what is 2 + -22401990?
-22401988
In base 6, what is -112 - -3100040205?
3100040053
In base 14, what is 47d8 + -176?
4662
In base 7, what is 10 - -1012551?
1012561
In base 12, what is 1 + 794310b?
7943110
In base 5, what is 413032303 - -4043?
413041401
In base 10, what is -7 - 4471895?
-4471902
In base 3, what is -12211122121 - -112?
-12211122002
In base 14, what is 27c2856 - -13?
27c2869
In base 12, what is 1 - 46089b?
-46089a
In base 2, what is 100111011 - 11011010010011?
-11010101011000
In base 5, what is 13 + 124240004?
124240022
In base 8, what is 2 + 50320?
50322
In base 3, what is 101112121100 + 210200?
101120102000
In base 4, what is -22222002230 - -1?
-22222002223
In base 12, what is -1593 - 43066?
-44639
In base 10, what is 3254 + 17427?
20681
In base 7, what is -63614110 + -1?
-63614111
In base 6, what is -1 - -111250124?
111250123
In base 6, what is -10 + 551001001?
551000551
In base 8, what is -2 - -13633202?
13633200
In base 16, what is -3558 + 133?
-3425
In base 14, what is -151 + -25d9?
-274a
In base 5, what is -44432342 + 214?
-44432123
In base 14, what is 3 - -1c59a4a?
1c59a4d
In base 4, what is -3200130 - -10102002?
301212
In base 13, what is -3292aa - 10?
-3292ba
In base 15, what is -63422d - -1?
-63422c
In base 13, what is ba + 1049a1?
104a8b
In base 3, what is 102001201 + 20112222?
122121200
In base 14, what is c5 - 3da253?
-3da16c
In base 6, what is -50010434 - -10?
-50010424
In base 11, what is a2 - -3367?
3459
In base 8, what is 12164016 - 5?
12164011
In base 5, what is -13120 + -2024311?
-2042431
In base 5, what is -44244002 + 33?
-44243414
In base 9, what is -542 - 3241?
-3783
In base 5, what is -32123 - -1022222?
440044
In base 10, what is -155 + 4342681?
4342526
In base 16, what is 2f - -1277e2?
127811
In base 9, what is 37731 - -163?
38004
In base 3, what is -2011210202 - 101120201?
-2120101110
In base 14, what is 213c379 - 6?
213c373
In base 6, what is 333155414 - -3?
333155421
In base 5, what is -231401034 + 11?
-231401023
In base 8, what is -13165324 + 74?
-13165230
In base 4, what is 21121032 - -1132132?
22313230
In base 4, what is 12 + -110302031220?
-110302031202
In base 8, what is 30230405 + 14?
30230421
In base 16, what is -72e1 + -50a?
-77eb
In base 10, what is 13630962 + 1?
13630963
In base 4, what is -13032031022112 + 10?
-13032031022102
In base 3, what is -11101111111 - -2121021?
-11021220020
In base 3, what is 200011112210111021 - 0?
200011112210111021
In base 16, what is 1440 + -22e2?
-ea2
In base 16, what is -19e - -f81f4?
f8056
In base 16, what is -3 - -7995dc7?
7995dc4
In base 14, what is -151dda - -10?
-151dca
In base 10, what is 860 + 15291?
16151
In base 14, what is 750 + 13901?
14251
In base 6, what is 35 + -101440324?
-101440245
In base 7, what is -2 + -6555040?
-6555042
In base 6, what is -50330525 + 2?
-50330523
In base 2, what is 1001001 - -111100101011000101?
111100101100001110
In base 11, what is 6580 - -1471?
7a41
In base 14, what is -37 + 105364?
10532b
In base 13, what is -c8c4cbc6 - 0?
-c8c4cbc6
In base 2, what is 11001000000 - -10110101000?
101111101000
In base 7, what is 52521 - -1222?
54043
In base 16, what is -11c92 + -17e?
-11e10
In base 12, what is -3 - 152a16a?
-152a171
In base 13, what is 1 - 26c1ac3?
-26c1ac2
In base 11, what is 824 - -1a0506?
1a122a
In base 16, what is 4 - 1bd49c?
-1bd498
In base 9, what is 78 + -811820?
-811731
In base 12, what is 1b365 - -a067?
29410
In base 16, what is 6 - -123708f?
1237095
In base 3, what is -10 + -2120102121120122?
-2120102121120202
In base 14, what is -7c3a + -49?
-7c85
In base 14, what is -a3 - -286?
1c3
In base 9, what is -4567 + 158330?
153652
In base 3, what is -1110 + 2112200000?
2112121